{"id":239,"date":"2025-07-27T21:38:41","date_gmt":"2025-07-27T19:38:41","guid":{"rendered":"https:\/\/farmaceutabliskociebie.pl\/?page_id=239"},"modified":"2026-01-06T17:19:37","modified_gmt":"2026-01-06T16:19:37","slug":"polityka-prywatnosci-i-plikow-cookies","status":"publish","type":"page","link":"https:\/\/farmaceutabliskociebie.pl\/index.php\/polityka-prywatnosci-i-plikow-cookies\/","title":{"rendered":"Polityka Prywatno\u015bci i Plik\u00f3w Cookies"},"content":{"rendered":"\n<p>Niniejsza Polityka Prywatno\u015bci okre\u015bla zasady gromadzenia, przetwarzania i ochrony danych osobowych u\u017cytkownik\u00f3w odwiedzaj\u0105cych stron\u0119 internetow\u0105 <code>farmaceutablizejciebie.com<\/code><\/p>\n\n\n\n<h2 class=\"wp-block-heading\"><strong>Administrator Danych Osobowych<\/strong><\/h2>\n\n\n\n<p>Administratorem Twoich danych osobowych jest w\u0142a\u015bciciel niniejszej Witryny.<\/p>\n\n\n\n<p><\/p>\n\n\n\n<h2 class=\"wp-block-heading\">Gromadzenie i Wykorzystanie Danych Osobowych<\/h2>\n\n\n\n<p>Gromadzimy i przetwarzamy Twoje dane osobowe w nast\u0119puj\u0105cych celach:<\/p>\n\n\n\n<p><strong>Analiza i statystyka:<\/strong> Dane mog\u0105 by\u0107 gromadzone w celu analizy statystyk odwiedzin Witryny i zachowa\u0144 u\u017cytkownik\u00f3w, co pomaga nam w optymalizacji i ulepszaniu Witryny.<\/p>\n\n\n\n<p><strong>Komentarze:<\/strong> Kiedy odwiedzaj\u0105cy Witryn\u0119 zostawia komentarz, zbieramy dane widoczne w formularzu komentowania, takie jak imi\u0119, adres e-mail, tre\u015b\u0107 komentarza, a tak\u017ce adres IP odwiedzaj\u0105cego oraz podpis jego przegl\u0105darki. Dane te s\u0105 zbierane jako pomoc przy wykrywaniu spamu. Anonimizowany ci\u0105g znak\u00f3w utworzony z Twojego adresu e-mail (zwany te\u017c hashem) mo\u017ce zosta\u0107 przes\u0142any do us\u0142ugi Gravatar w celu sprawdzenia, czy jest u\u017cywany. Polityka prywatno\u015bci us\u0142ugi Gravatar jest dost\u0119pna pod adresem: <a href=\"https:\/\/automattic.com\/privacy\/\" target=\"_blank\" rel=\"noreferrer noopener\">https:\/\/automattic.com\/privacy\/<\/a>. Po zatwierdzeniu komentarza Tw\u00f3j obrazek profilowy jest widoczny publicznie w kontek\u015bcie Twojego komentarza.<\/p>\n\n\n\n<p><strong>Konta u\u017cytkownik\u00f3w (rejestracja):<\/strong> Dla u\u017cytkownik\u00f3w, kt\u00f3rzy zarejestrowali si\u0119 na naszej Witrynie (je\u015bli taka funkcja jest dost\u0119pna), przechowujemy r\u00f3wnie\u017c informacje osobiste wprowadzone w profilu u\u017cytkownika. Ka\u017cdy u\u017cytkownik mo\u017ce dokona\u0107 wgl\u0105du, korekty albo skasowa\u0107 swoje informacje osobiste w dowolnej chwili (nie licz\u0105c nazwy u\u017cytkownika, kt\u00f3rej nie mo\u017cna zmieni\u0107). Administratorzy Witryny r\u00f3wnie\u017c mog\u0105 przegl\u0105da\u0107 i modyfikowa\u0107 te informacje.<\/p>\n\n\n\n<p><strong>Wgrywanie medi\u00f3w:<\/strong> Je\u015bli jeste\u015b zarejestrowanym u\u017cytkownikiem i wgrywasz na Witryn\u0119 obrazki, powiniene\u015b unika\u0107 przesy\u0142ania obrazk\u00f3w z tagami EXIF lokalizacji. Odwiedzaj\u0105cy stron\u0119 mog\u0105 pobra\u0107 i odczyta\u0107 pe\u0142ne dane lokalizacyjne z obrazk\u00f3w w Witrynie.<\/p>\n\n\n\n<p><strong>Obs\u0142uga formularza kontaktowego:<\/strong> Wszelkie dane podane w formularzu kontaktowym s\u0105 wykorzystywane wy\u0142\u0105cznie w celu udzielenia odpowiedzi na Twoje zapytanie i nie s\u0105 przechowywane d\u0142u\u017cej, ni\u017c jest to niezb\u0119dne do realizacji tego celu.<\/p>\n\n\n\n<p><strong>Resetowanie has\u0142a:<\/strong> Je\u015bli za\u017c\u0105dasz zresetowania has\u0142a, Tw\u00f3j adres IP zostanie do\u0142\u0105czony do wysy\u0142anej wiadomo\u015bci w celu zapewnienia bezpiecze\u0144stwa.<\/p>\n\n\n\n<h2 class=\"wp-block-heading\">Ciasteczka<\/h2>\n\n\n\n<p>Nasza Witryna u\u017cywa plik\u00f3w cookie (ciasteczek), czyli niewielkich informacji tekstowych przechowywanych na Twoim urz\u0105dzeniu ko\u0144cowym (np. komputerze, tablecie, smartfonie). Pliki cookie s\u0105 u\u017cywane w celu poprawy komfortu u\u017cytkowania Witryny oraz w celach analitycznych i marketingowych.<\/p>\n\n\n\n<p>Rodzaje u\u017cywanych plik\u00f3w cookie i ich cel:<\/p>\n\n\n\n<p><strong>Ciasteczka podmiot\u00f3w trzecich (np. Google Analytics, Facebook Pixel):<\/strong> Strona mo\u017ce wykorzystywa\u0107 pliki cookie pochodz\u0105ce od us\u0142ug zewn\u0119trznych, takich jak Google Analytics do cel\u00f3w statystycznych, czy Facebook Pixel do cel\u00f3w reklamowych. Te pliki cookie umo\u017cliwiaj\u0105 dostawcom us\u0142ug \u015bledzenie Twoich dzia\u0142a\u0144 na Witrynie i dostarczanie spersonalizowanych reklam. Wi\u0119cej informacji o tych plikach cookie znajdziesz w ich w\u0142asnych politykach prywatno\u015bci.<\/p>\n\n\n\n<p><strong>Ciasteczka komentarzy:<\/strong> Je\u015bli skomentujesz co\u015b w Witrynie, b\u0119dzie mo\u017cna wybra\u0107 opcj\u0119 zapisu nazwy, adresu e-mail i Witryny internetowej w ciasteczkach. Dzi\u0119ki temu podczas pisania kolejnych komentarzy powy\u017csze informacje b\u0119d\u0105 ju\u017c dogodnie uzupe\u0142nione. Ciasteczka te wygasaj\u0105 po roku.<\/p>\n\n\n\n<p><strong>Ciasteczka sesyjne (logowanie):<\/strong> Je\u015bli odwiedzisz stron\u0119 logowania, utworzymy tymczasowe ciasteczko na potrzeby sprawdzenia, czy Twoja przegl\u0105darka akceptuje ciasteczka. Nie zawiera ono \u017cadnych danych osobistych i zostanie usuni\u0119te, kiedy przegl\u0105darka zostanie zamkni\u0119ta.<\/p>\n\n\n\n<p><strong>Ciasteczka logowania i opcji ekranu:<\/strong> Podczas logowania tworzymy dodatkowo kilka ciasteczek potrzebnych do zapisu Twoich informacji logowania oraz wybranych opcji ekranu. Ciasteczka logowania wygasaj\u0105 po dw\u00f3ch dniach, a opcji ekranu po roku. Je\u015bli zaznaczysz opcj\u0119 \u201ePami\u0119taj mnie\u201d, logowanie wyga\u015bnie po dw\u00f3ch tygodniach. Je\u015bli wylogujesz si\u0119 ze swojego konta, ciasteczka logowania zostan\u0105 usuni\u0119te.<\/p>\n\n\n\n<p><strong>Ciasteczka edycji artyku\u0142\u00f3w:<\/strong> Je\u015bli zmodyfikujesz albo opublikujesz artyku\u0142, w Twojej przegl\u0105darce zostanie zapisane dodatkowe ciasteczko. To ciasteczko nie zawiera \u017cadnych danych osobistych, wskazuj\u0105c po prostu na identyfikator przed chwil\u0105 edytowanego artyku\u0142u. Wygasa ono po 1 dniu.<\/p>\n\n\n\n<p><strong>Zarz\u0105dzanie plikami cookie:<\/strong> Masz mo\u017cliwo\u015b\u0107 kontroli i zarz\u0105dzania plikami cookie w ustawieniach swojej przegl\u0105darki internetowej. Mo\u017cesz zablokowa\u0107 wszystkie pliki cookie, zaakceptowa\u0107 tylko niekt\u00f3re lub usun\u0105\u0107 istniej\u0105ce. Pami\u0119taj, \u017ce wy\u0142\u0105czenie niekt\u00f3rych plik\u00f3w cookie mo\u017ce wp\u0142yn\u0105\u0107 na funkcjonalno\u015b\u0107 Witryny.<\/p>\n\n\n\n<h2 class=\"wp-block-heading\">Osadzone Tre\u015bci z Innych Witryn<\/h2>\n\n\n\n<p>Artyku\u0142y na tej Witrynie mog\u0105 zawiera\u0107 osadzone tre\u015bci (np. filmy z YouTube, obrazki z Instagrama, artyku\u0142y z innych stron itp.). Osadzone tre\u015bci z innych witryn zachowuj\u0105 si\u0119 analogicznie do tego, jakby u\u017cytkownik odwiedzi\u0142 bezpo\u015brednio konkretn\u0105 witryn\u0119, z kt\u00f3rej pochodz\u0105.<\/p>\n\n\n\n<p>Witryny te mog\u0105 zbiera\u0107 informacje o Tobie, u\u017cywa\u0107 ciasteczek, do\u0142\u0105cza\u0107 dodatkowe, zewn\u0119trzne systemy \u015bledzenia i monitorowa\u0107 Twoje interakcje z osadzonym materia\u0142em, w\u0142\u0105czaj\u0105c w to \u015bledzenie Twoich interakcji z osadzonym materia\u0142em, je\u015bli posiadasz konto i jeste\u015b zalogowany w tamtej witrynie.<\/p>\n\n\n\n<h2 class=\"wp-block-heading\">Udost\u0119pnianie Danych<\/h2>\n\n\n\n<p>Nie dzielimy si\u0119 Twoimi danymi osobowymi z podmiotami trzecimi, chyba \u017ce jest to niezb\u0119dne do \u015bwiadczenia us\u0142ug (np. us\u0142uga wykrywania spamu, us\u0142ugi analityczne) lub wymagane przez prawo.<\/p>\n\n\n\n<ul class=\"wp-block-list\">\n<li><strong>Us\u0142uga wykrywania spamu:<\/strong> Komentarze go\u015bci mog\u0105 by\u0107 sprawdzane za pomoc\u0105 automatycznej us\u0142ugi wykrywania spamu.<\/li>\n<\/ul>\n\n\n\n<p><strong>5. Jak d\u0142ugo przechowujemy Twoje dane<\/strong><\/p>\n\n\n\n<p>Informacje osobiste u\u017cytkownik\u00f3w zarejestrowanych na Witrynie przechowywane s\u0105 tak d\u0142ugo, jak d\u0142ugo posiadaj\u0105 oni aktywne konto.<\/p>\n\n\n\n<p>Je\u015bli zostawisz komentarz, jego tre\u015b\u0107 i metadane b\u0119d\u0105 przechowywane przez czas nieokre\u015blony. Dzi\u0119ki temu jeste\u015bmy w stanie rozpoznawa\u0107 i zatwierdza\u0107 kolejne komentarze automatycznie, bez wysy\u0142ania ich do ka\u017cdorazowej moderacji.<\/p>\n\n\n\n<h2 class=\"wp-block-heading\">Jak d\u0142ugo przechowujemy twoje dane<\/h2>\n\n\n\n<p><strong class=\"privacy-policy-tutorial\">Sugerowany tekst: <\/strong>Je\u015bli zostawisz komentarz, jego tre\u015b\u0107 i metadane b\u0119d\u0105 przechowywane przez czas nieokre\u015blony. Dzi\u0119ki temu jeste\u015bmy w stanie rozpoznawa\u0107 i zatwierdza\u0107 kolejne komentarze automatycznie, bez wysy\u0142ania ich do ka\u017cdorazowej moderacji.<\/p>\n\n\n\n<p>Dla u\u017cytkownik\u00f3w kt\u00f3rzy zarejestrowali si\u0119 na naszej stronie internetowej (je\u015bli tacy s\u0105), przechowujemy r\u00f3wnie\u017c informacje osobiste wprowadzone w profilu. Ka\u017cdy u\u017cytkownik mo\u017ce dokona\u0107 wgl\u0105du, korekty albo skasowa\u0107 swoje informacje osobiste w dowolnej chwili (nie licz\u0105c nazwy u\u017cytkownika, kt\u00f3rej nie mo\u017cna zmieni\u0107). Administratorzy strony r\u00f3wnie\u017c mog\u0105 przegl\u0105da\u0107 i modyfikowa\u0107 te informacje.<\/p>\n\n\n\n<h2 class=\"wp-block-heading\">Jakie masz prawa do swoich danych<\/h2>\n\n\n\n<p>Masz prawo do:<\/p>\n\n\n\n<ul class=\"wp-block-list\">\n<li><strong>Dost\u0119pu do swoich danych:<\/strong> Je\u015bli masz konto u\u017cytkownika albo doda\u0142e\u015b komentarze w tej Witrynie, mo\u017cesz za\u017c\u0105da\u0107 dostarczenia pliku z wyeksportowanym kompletem Twoich danych osobowych b\u0119d\u0105cych w naszym posiadaniu, w tym ca\u0142o\u015b\u0107 tych dostarczonych przez Ciebie.<\/li>\n\n\n\n<li><strong>Sprostowania danych:<\/strong> Masz prawo do poprawiania nieprawid\u0142owych danych osobowych.<\/li>\n\n\n\n<li><strong>Usuni\u0119cia danych (&#8222;prawo do bycia zapomnianym&#8221;):<\/strong> Mo\u017cesz za\u017c\u0105da\u0107 usuni\u0119cia przez nas ca\u0142o\u015bci Twoich danych osobowych w naszym posiadaniu. Nie dotyczy to \u017cadnych danych, kt\u00f3re jeste\u015bmy zobligowani zachowa\u0107 ze wzgl\u0119d\u00f3w administracyjnych, prawnych albo bezpiecze\u0144stwa.<\/li>\n\n\n\n<li><strong>Ograniczenia przetwarzania:<\/strong> Masz prawo za\u017c\u0105da\u0107 ograniczenia przetwarzania danych w okre\u015blonych sytuacjach.<\/li>\n\n\n\n<li><strong>Wniesienia sprzeciwu:<\/strong> Masz prawo sprzeciwi\u0107 si\u0119 przetwarzaniu Twoich danych.<\/li>\n\n\n\n<li><strong>Przenoszenia danych:<\/strong> Masz prawo otrzyma\u0107 swoje dane osobowe w ustrukturyzowanym, powszechnie u\u017cywanym formacie.<\/li>\n\n\n\n<li><strong>Wycofania zgody:<\/strong> W ka\u017cdej chwili mo\u017cesz wycofa\u0107 zgod\u0119 na przetwarzanie danych, kt\u00f3re by\u0142o oparte na Twojej zgodzie.<\/li>\n\n\n\n<li><strong>Wniesienia skargi:<\/strong> Masz prawo wnie\u015b\u0107 skarg\u0119 do organu nadzorczego (Prezesa Urz\u0119du Ochrony Danych Osobowych), je\u015bli uwa\u017casz, \u017ce przetwarzamy Twoje dane niezgodnie z prawem.<\/li>\n<\/ul>\n\n\n\n<p>Aby skorzysta\u0107 z tych praw, skontaktuj si\u0119 z nami poprzez adres e-mail: kontakt@farmaceutabliskociebie.pl.<\/p>\n\n\n\n<p><\/p>\n","protected":false},"excerpt":{"rendered":"<p>Niniejsza Polityka Prywatno\u015bci okre\u015bla zasady gromadzenia, przetwarzania i ochrony danych osobowych u\u017cytkownik\u00f3w odwiedzaj\u0105cych stron\u0119 internetow\u0105 farmaceutablizejciebie.com Administrator Danych Osobowych Administratorem [&hellip;]<\/p>\n","protected":false},"author":1,"featured_media":0,"parent":0,"menu_order":0,"comment_status":"closed","ping_status":"closed","template":"","meta":{"_acf_changed":false,"_eb_attr":"","_uag_custom_page_level_css":"","site-sidebar-layout":"default","site-content-layout":"","ast-site-content-layout":"default","site-content-style":"default","site-sidebar-style":"default","ast-global-header-display":"","ast-banner-title-visibility":"","ast-main-header-display":"","ast-hfb-above-header-display":"","ast-hfb-below-header-display":"","ast-hfb-mobile-header-display":"","site-post-title":"","ast-breadcrumbs-content":"","ast-featured-img":"","footer-sml-layout":"","theme-transparent-header-meta":"","adv-header-id-meta":"","stick-header-meta":"","header-above-stick-meta":"","header-main-stick-meta":"","header-below-stick-meta":"","astra-migrate-meta-layouts":"default","ast-page-background-enabled":"default","ast-page-background-meta":{"desktop":{"background-color":"var(--ast-global-color-5)","background-image":"","background-repeat":"repeat","background-position":"center center","background-size":"auto","background-attachment":"scroll","background-type":"","background-media":"","overlay-type":"","overlay-color":"","overlay-opacity":"","overlay-gradient":""},"tablet":{"background-color":"","background-image":"","background-repeat":"repeat","background-position":"center center","background-size":"auto","background-attachment":"scroll","background-type":"","background-media":"","overlay-type":"","overlay-color":"","overlay-opacity":"","overlay-gradient":""},"mobile":{"background-color":"","background-image":"","background-repeat":"repeat","background-position":"center center","background-size":"auto","background-attachment":"scroll","background-type":"","background-media":"","overlay-type":"","overlay-color":"","overlay-opacity":"","overlay-gradient":""}},"ast-content-background-meta":{"desktop":{"background-color":"var(--ast-global-color-4)","background-image":"","background-repeat":"repeat","background-position":"center center","background-size":"auto","background-attachment":"scroll","background-type":"","background-media":"","overlay-type":"","overlay-color":"","overlay-opacity":"","overlay-gradient":""},"tablet":{"background-color":"var(--ast-global-color-4)","background-image":"","background-repeat":"repeat","background-position":"center center","background-size":"auto","background-attachment":"scroll","background-type":"","background-media":"","overlay-type":"","overlay-color":"","overlay-opacity":"","overlay-gradient":""},"mobile":{"background-color":"var(--ast-global-color-4)","background-image":"","background-repeat":"repeat","background-position":"center center","background-size":"auto","background-attachment":"scroll","background-type":"","background-media":"","overlay-type":"","overlay-color":"","overlay-opacity":"","overlay-gradient":""}},"footnotes":""},"class_list":["post-239","page","type-page","status-publish","hentry"],"acf":[],"yoast_head":"<!-- This site is optimized with the Yoast SEO plugin v25.5 - https:\/\/yoast.com\/wordpress\/plugins\/seo\/ -->\n<title>Polityka Prywatno\u015bci i Plik\u00f3w Cookies - farmaceutabliskociebie<\/title>\n<meta name=\"robots\" content=\"index, follow, max-snippet:-1, max-image-preview:large, max-video-preview:-1\" \/>\n<link rel=\"canonical\" href=\"https:\/\/farmaceutabliskociebie.pl\/index.php\/polityka-prywatnosci-i-plikow-cookies\/\" \/>\n<meta property=\"og:locale\" content=\"pl_PL\" \/>\n<meta property=\"og:type\" content=\"article\" \/>\n<meta property=\"og:title\" content=\"Polityka Prywatno\u015bci i Plik\u00f3w Cookies - farmaceutabliskociebie\" \/>\n<meta property=\"og:description\" content=\"Niniejsza Polityka Prywatno\u015bci okre\u015bla zasady gromadzenia, przetwarzania i ochrony danych osobowych u\u017cytkownik\u00f3w odwiedzaj\u0105cych stron\u0119 internetow\u0105 farmaceutablizejciebie.com Administrator Danych Osobowych Administratorem [&hellip;]\" \/>\n<meta property=\"og:url\" content=\"https:\/\/farmaceutabliskociebie.pl\/index.php\/polityka-prywatnosci-i-plikow-cookies\/\" \/>\n<meta property=\"og:site_name\" content=\"farmaceutabliskociebie\" \/>\n<meta property=\"article:modified_time\" content=\"2026-01-06T16:19:37+00:00\" \/>\n<meta name=\"twitter:card\" content=\"summary_large_image\" \/>\n<meta name=\"twitter:label1\" content=\"Szacowany czas czytania\" \/>\n\t<meta name=\"twitter:data1\" content=\"7 minut\" \/>\n<script type=\"application\/ld+json\" class=\"yoast-schema-graph\">{\"@context\":\"https:\/\/schema.org\",\"@graph\":[{\"@type\":\"WebPage\",\"@id\":\"https:\/\/farmaceutabliskociebie.pl\/index.php\/polityka-prywatnosci-i-plikow-cookies\/\",\"url\":\"https:\/\/farmaceutabliskociebie.pl\/index.php\/polityka-prywatnosci-i-plikow-cookies\/\",\"name\":\"Polityka Prywatno\u015bci i Plik\u00f3w Cookies - farmaceutabliskociebie\",\"isPartOf\":{\"@id\":\"https:\/\/farmaceutabliskociebie.pl\/#website\"},\"datePublished\":\"2025-07-27T19:38:41+00:00\",\"dateModified\":\"2026-01-06T16:19:37+00:00\",\"breadcrumb\":{\"@id\":\"https:\/\/farmaceutabliskociebie.pl\/index.php\/polityka-prywatnosci-i-plikow-cookies\/#breadcrumb\"},\"inLanguage\":\"pl-PL\",\"potentialAction\":[{\"@type\":\"ReadAction\",\"target\":[\"https:\/\/farmaceutabliskociebie.pl\/index.php\/polityka-prywatnosci-i-plikow-cookies\/\"]}]},{\"@type\":\"BreadcrumbList\",\"@id\":\"https:\/\/farmaceutabliskociebie.pl\/index.php\/polityka-prywatnosci-i-plikow-cookies\/#breadcrumb\",\"itemListElement\":[{\"@type\":\"ListItem\",\"position\":1,\"name\":\"Strona g\u0142\u00f3wna\",\"item\":\"https:\/\/farmaceutabliskociebie.pl\/\"},{\"@type\":\"ListItem\",\"position\":2,\"name\":\"Polityka Prywatno\u015bci i Plik\u00f3w Cookies\"}]},{\"@type\":\"WebSite\",\"@id\":\"https:\/\/farmaceutabliskociebie.pl\/#website\",\"url\":\"https:\/\/farmaceutabliskociebie.pl\/\",\"name\":\"farmaceutabliskociebie\",\"description\":\"\",\"publisher\":{\"@id\":\"https:\/\/farmaceutabliskociebie.pl\/#organization\"},\"potentialAction\":[{\"@type\":\"SearchAction\",\"target\":{\"@type\":\"EntryPoint\",\"urlTemplate\":\"https:\/\/farmaceutabliskociebie.pl\/?s={search_term_string}\"},\"query-input\":{\"@type\":\"PropertyValueSpecification\",\"valueRequired\":true,\"valueName\":\"search_term_string\"}}],\"inLanguage\":\"pl-PL\"},{\"@type\":\"Organization\",\"@id\":\"https:\/\/farmaceutabliskociebie.pl\/#organization\",\"name\":\"farmaceutabliskociebie\",\"url\":\"https:\/\/farmaceutabliskociebie.pl\/\",\"logo\":{\"@type\":\"ImageObject\",\"inLanguage\":\"pl-PL\",\"@id\":\"https:\/\/farmaceutabliskociebie.pl\/#\/schema\/logo\/image\/\",\"url\":\"https:\/\/farmaceutabliskociebie.pl\/wp-content\/uploads\/2025\/07\/cropped-1000026717-2.png\",\"contentUrl\":\"https:\/\/farmaceutabliskociebie.pl\/wp-content\/uploads\/2025\/07\/cropped-1000026717-2.png\",\"width\":1021,\"height\":1058,\"caption\":\"farmaceutabliskociebie\"},\"image\":{\"@id\":\"https:\/\/farmaceutabliskociebie.pl\/#\/schema\/logo\/image\/\"}}]}<\/script>\n<!-- \/ Yoast SEO plugin. -->","yoast_head_json":{"title":"Polityka Prywatno\u015bci i Plik\u00f3w Cookies - farmaceutabliskociebie","robots":{"index":"index","follow":"follow","max-snippet":"max-snippet:-1","max-image-preview":"max-image-preview:large","max-video-preview":"max-video-preview:-1"},"canonical":"https:\/\/farmaceutabliskociebie.pl\/index.php\/polityka-prywatnosci-i-plikow-cookies\/","og_locale":"pl_PL","og_type":"article","og_title":"Polityka Prywatno\u015bci i Plik\u00f3w Cookies - farmaceutabliskociebie","og_description":"Niniejsza Polityka Prywatno\u015bci okre\u015bla zasady gromadzenia, przetwarzania i ochrony danych osobowych u\u017cytkownik\u00f3w odwiedzaj\u0105cych stron\u0119 internetow\u0105 farmaceutablizejciebie.com Administrator Danych Osobowych Administratorem [&hellip;]","og_url":"https:\/\/farmaceutabliskociebie.pl\/index.php\/polityka-prywatnosci-i-plikow-cookies\/","og_site_name":"farmaceutabliskociebie","article_modified_time":"2026-01-06T16:19:37+00:00","twitter_card":"summary_large_image","twitter_misc":{"Szacowany czas czytania":"7 minut"},"schema":{"@context":"https:\/\/schema.org","@graph":[{"@type":"WebPage","@id":"https:\/\/farmaceutabliskociebie.pl\/index.php\/polityka-prywatnosci-i-plikow-cookies\/","url":"https:\/\/farmaceutabliskociebie.pl\/index.php\/polityka-prywatnosci-i-plikow-cookies\/","name":"Polityka Prywatno\u015bci i Plik\u00f3w Cookies - farmaceutabliskociebie","isPartOf":{"@id":"https:\/\/farmaceutabliskociebie.pl\/#website"},"datePublished":"2025-07-27T19:38:41+00:00","dateModified":"2026-01-06T16:19:37+00:00","breadcrumb":{"@id":"https:\/\/farmaceutabliskociebie.pl\/index.php\/polityka-prywatnosci-i-plikow-cookies\/#breadcrumb"},"inLanguage":"pl-PL","potentialAction":[{"@type":"ReadAction","target":["https:\/\/farmaceutabliskociebie.pl\/index.php\/polityka-prywatnosci-i-plikow-cookies\/"]}]},{"@type":"BreadcrumbList","@id":"https:\/\/farmaceutabliskociebie.pl\/index.php\/polityka-prywatnosci-i-plikow-cookies\/#breadcrumb","itemListElement":[{"@type":"ListItem","position":1,"name":"Strona g\u0142\u00f3wna","item":"https:\/\/farmaceutabliskociebie.pl\/"},{"@type":"ListItem","position":2,"name":"Polityka Prywatno\u015bci i Plik\u00f3w Cookies"}]},{"@type":"WebSite","@id":"https:\/\/farmaceutabliskociebie.pl\/#website","url":"https:\/\/farmaceutabliskociebie.pl\/","name":"farmaceutabliskociebie","description":"","publisher":{"@id":"https:\/\/farmaceutabliskociebie.pl\/#organization"},"potentialAction":[{"@type":"SearchAction","target":{"@type":"EntryPoint","urlTemplate":"https:\/\/farmaceutabliskociebie.pl\/?s={search_term_string}"},"query-input":{"@type":"PropertyValueSpecification","valueRequired":true,"valueName":"search_term_string"}}],"inLanguage":"pl-PL"},{"@type":"Organization","@id":"https:\/\/farmaceutabliskociebie.pl\/#organization","name":"farmaceutabliskociebie","url":"https:\/\/farmaceutabliskociebie.pl\/","logo":{"@type":"ImageObject","inLanguage":"pl-PL","@id":"https:\/\/farmaceutabliskociebie.pl\/#\/schema\/logo\/image\/","url":"https:\/\/farmaceutabliskociebie.pl\/wp-content\/uploads\/2025\/07\/cropped-1000026717-2.png","contentUrl":"https:\/\/farmaceutabliskociebie.pl\/wp-content\/uploads\/2025\/07\/cropped-1000026717-2.png","width":1021,"height":1058,"caption":"farmaceutabliskociebie"},"image":{"@id":"https:\/\/farmaceutabliskociebie.pl\/#\/schema\/logo\/image\/"}}]}},"uagb_featured_image_src":{"full":false,"thumbnail":false,"medium":false,"medium_large":false,"large":false,"1536x1536":false,"2048x2048":false},"uagb_author_info":{"display_name":"admin-UsGi7dLy","author_link":"https:\/\/farmaceutabliskociebie.pl\/index.php\/author\/admin-usgi7dly\/"},"uagb_comment_info":0,"uagb_excerpt":"Niniejsza Polityka Prywatno\u015bci okre\u015bla zasady gromadzenia, przetwarzania i ochrony danych osobowych u\u017cytkownik\u00f3w odwiedzaj\u0105cych stron\u0119 internetow\u0105 farmaceutablizejciebie.com Administrator Danych Osobowych Administratorem [&hellip;]","_links":{"self":[{"href":"https:\/\/farmaceutabliskociebie.pl\/index.php\/wp-json\/wp\/v2\/pages\/239","targetHints":{"allow":["GET"]}}],"collection":[{"href":"https:\/\/farmaceutabliskociebie.pl\/index.php\/wp-json\/wp\/v2\/pages"}],"about":[{"href":"https:\/\/farmaceutabliskociebie.pl\/index.php\/wp-json\/wp\/v2\/types\/page"}],"author":[{"embeddable":true,"href":"https:\/\/farmaceutabliskociebie.pl\/index.php\/wp-json\/wp\/v2\/users\/1"}],"replies":[{"embeddable":true,"href":"https:\/\/farmaceutabliskociebie.pl\/index.php\/wp-json\/wp\/v2\/comments?post=239"}],"version-history":[{"count":2,"href":"https:\/\/farmaceutabliskociebie.pl\/index.php\/wp-json\/wp\/v2\/pages\/239\/revisions"}],"predecessor-version":[{"id":593,"href":"https:\/\/farmaceutabliskociebie.pl\/index.php\/wp-json\/wp\/v2\/pages\/239\/revisions\/593"}],"wp:attachment":[{"href":"https:\/\/farmaceutabliskociebie.pl\/index.php\/wp-json\/wp\/v2\/media?parent=239"}],"curies":[{"name":"wp","href":"https:\/\/api.w.org\/{rel}","templated":true}]}}